ue
Is 659682425 a multiple of 64?
False
Is 321094899 a multiple of 2?
False
Is 54543949 a multiple of 217?
False
Does 1533 divide 5858476008?
True
Is 8774123 a multiple of 6?
False
Is 30 a factor of 341409150?
True
Is 247 a factor of 297703419?
True
Does 305 divide 2371870071?
False
Is 598696934 a multiple of 7?
False
Does 67 divide 194319457?
False
Does 250 divide 191559750?
True
Does 31 divide 11646941?
False
Does 7441 divide 3093633354?
False
Is 65 a factor of 939628?
False
Is 3147425864 a multiple of 8?
True
Is 959 a factor of 312625165?
False
Does 6 divide 8081754?
True
Is 10 a factor of 308560955?
False
Does 53 divide 29006485?
False
Is 506 a factor of 2529183?
False
Does 680 divide 932137880?
True
Is 613 a factor of 106284920?
False
Is 13 a factor of 1188172570?
True
Is 2317872 a multiple of 195?
False
Is 4919063387 a multiple of 7?
True
Is 724 a factor of 215059856?
True
Does 396 divide 24340772?
False
Is 39 a factor of 53177183?
False
Does 1234 divide 202330342?
True
Is 52384139 a multiple of 2638?
False
Is 5552 a factor of 524430816?
True
Does 945 divide 896570640?
True
Is 142 a factor of 45772023?
False
Is 8529570 a multiple of 378?
True
Is 39084900 a multiple of 1140?
True
Is 46206097 a multiple of 9?
False
Is 5662968 a multiple of 12?
True
Does 2071 divide 745437501?
False
Does 41 divide 5419175?
True
Does 24 divide 105712296?
True
Does 22 divide 5702379590?
False
Is 68431790 a multiple of 670?
True
Is 3 a factor of 13395048?
True
Does 55 divide 52415425?
False
Does 12 divide 28237514?
False
Does 8 divide 92524826?
False
Is 977011 a multiple of 11?
False
Does 1951 divide 1615665374?
False
Does 2849 divide 1217006262?
False
Is 477097610 a multiple of 37?
True
Does 6291 divide 2435471172?
False
Does 4 divide 417125324?
True
Is 340559736 a multiple of 33?
True
Does 100 divide 87355718?
False
Does 43 divide 42020549?
False
Does 16 divide 33537840?
True
Does 85 divide 33180855?
True
Does 187 divide 74267611?
True
Is 78 a factor of 1181732?
False
Is 43943280 a multiple of 30?
True
Is 307520166 a multiple of 46?
True
Does 17 divide 121899707?
True
Is 1368 a factor of 1122118286?
False
Is 582 a factor of 43034244?
True
Does 1163 divide 74636784?
False
Is 283 a factor of 2503698?
False
Does 531 divide 1971707607?
True
Does 885 divide 194511688?
False
Is 641 a factor of 255533398?
False
Is 2266333069 a multiple of 40?
False
Is 769 a factor of 80473507?
False
Does 68 divide 3003316?
False
Does 28 divide 342805258?
False
Is 65 a factor of 6017440?
True
Does 9 divide 89106095?
False
Is 1962 a factor of 1966910886?
True
Is 282 a factor of 22101186?
True
Does 27 divide 5985845?
False
Is 4670052 a multiple of 19?
False
Is 1153 a factor of 24029673?
True
Is 1150256016 a multiple of 423?
False
Does 57 divide 2542950?
False
Is 905036988 a multiple of 29?
True
Is 17636094 a multiple of 63?
True
Does 27 divide 85848390?
True
Is 59773544 a multiple of 7?
False
Does 318 divide 239655076?
False
Does 12 divide 39542973?
False
Is 408 a factor of 19229856?
True
Does 2976 divide 2440939711?
False
Does 232 divide 35382275?
False
Is 255 a factor of 1892610?
True
Does 12 divide 1024021332?
True
Is 98202411 a multiple of 387?
True
Does 9 divide 10598105?
False
Is 5 a factor of 1097225?
True
Is 186 a factor of 274076732?
False
Does 15 divide 7095405?
True
Is 1327 a factor of 569258533?
False
Is 145 a factor of 21929953?
False
Is 247441536 a multiple of 694?
True
Is 505543 a multiple of 2?
False
Is 829 a factor of 1256002149?
True
Is 153 a factor of 2056757886?
True
Is 2873 a factor of 39096509?
False
Is 244550759 a multiple of 51?
False
Is 1507 a factor of 28057326?
True
Is 156224705 a multiple of 917?
True
Is 167 a factor of 17342416?
False
Is 74660086 a multiple of 22?
False
Does 85 divide 28009370?
True
Does 12 divide 6212736?
True
Does 438 divide 187763707?
False
Is 546105958 a multiple of 21?
False
Is 2426729 a multiple of 8?
False
Is 10 a factor of 3117884590?
True
Does 9442 divide 525352880?
True
Is 444 a factor of 244008636?
True
Does 24 divide 662448?
True
Is 43656786 a multiple of 18?
True
Is 32 a factor of 261296992?
True
Is 9132 a factor of 5511787237?
False
Is 922179600 a multiple of 9270?
True
Is 57105371 even?
False
Is 13735005 a multiple of 19?
True
Is 28335664 a multiple of 1724?
True
Does 9 divide 27438344?
False
Is 8 a factor of 14479859?
False
Does 20 divide 38417310?
False
Is 45672402 a multiple of 101?
True
Is 1899788724 a multiple of 393?
True
Is 316 a factor of 2986589944?
True
Is 746 a factor of 385244462?
False
Is 70 a factor of 356252022?
False
Is 293 a factor of 21372592?
True
Does 22 divide 26584976?
True
Is 35 a factor of 3324865460?
True
Does 71 divide 105069137?
True
Is 7010582 a multiple of 19?
True
Does 18 divide 503154702?
True
Does 223 divide 167730228?
False
Is 23549886 a multiple of 51?
False
Does 70 divide 679791276?
False
Does 3447 divide 1459721772?
True
Is 344 a factor of 205082480?
True
Is 32 a factor of 37770464?
True
Is 133 a factor of 784845236?
True
Is 170 a factor of 14884180?
True
Does 928 divide 24528896?
True
Is 164321440 a multiple of 16?
True
Is 1169 a factor of 297528035?
True
Does 148 divide 83232092?
True
Is 35436069 a multiple of 96?
False
Does 1216 divide 2713550827?
False
Is 1011049491 a multiple of 101?
True
Is 116 a factor of 32351356?
True
Does 61 divide 1028669962?
True
Is 337589398 a multiple of 4?
False
Does 1700 divide 1228635498?
False
Is 74999039 a multiple of 19?
False
Is 2580371792 a multiple of 34?
True
Does 7216 divide 4587030800?
True
Does 19 divide 130778254?
True
Does 31 divide 199039509?
False
Does 5 divide 319103967?
False
Is 11 a factor of 6277595?
False
Is 63 a factor of 33164614?
False
Does 3779 divide 43220423?
True
Is 53 a factor of 98069216?
False
Is 15 a factor of 413102571?
False
Is 127794186 a multiple of 2130?
False
Does 31 divide 12068492?
False
Does 2506 divide 110915560?
True
Is 4280 a factor of 77245440?
True
Is 37 a factor of 33686280?
True
Does 1999 divide 17114388?
False
Is 1019 a factor of 43783373?
True
Does 424 divide 3713392?
True
Does 125 divide 498930375?
True
Does 180 divide 24133680?
True
Is 9628753 a multiple of 4?
False
Is 87 a factor of 2025723921?
True
Does 468 divide 22203390?
False
Does 843 divide 3124398292?
False
Is 14 a factor of 367594806?
False
Does 850 divide 689275200?
True
Does 12 divide 15477994?
False
Does 213 divide 194691322?
False
Is 10 a factor of 825670690?
True
Does 59 divide 149501221?
True
Is 26 a factor of 223645505?
False
Does 31 divide 62532394?
True
Is 376 a factor of 11143136?
True
Does 63 divide 14420319?
False
Is 343040 a multiple of 10?
True
Is 221034996 a multiple of 252?
True
Does 17 divide 31030583?
False
Is 11613758 a multiple of 13?
True
Does 23 divide 705026010?
False
Is 109 a factor of 132762?
True
Is 131293160 a multiple of 1730?
True
Is 45581416 a multiple of 434?
False
Is 59752706 a multiple of 26?
True
Is 494704831 a multiple of 20?
False
Does 346 divide 206163754?
True
Is 113 a factor of 33200191?
True
Is 32665362 a multiple of 339?
True
Does 34 divide 28712662?
False
Is 13312441 a multiple of 40?
False
Is 170763708 a multiple of 52?
False
Does 29 divide 134523307?
False
Is 10236600 a multiple of 74?
False
Is 708 a factor of 2394755828?
False
Is 319 a factor of 25110647?
False
Is 893 a factor of 209030288?
False
Is 101952592 a multiple of 1988?
True
Does 210 divide 1852642611?
False
Does 43 divide 169284438?
False
Is 13 a factor of 39465348?
True
Is 552456641 a multiple of 29?
True
Is 29 a factor of 42963379?
False
Is 500 a factor of 13292007?
False
Does 18 divide 670353300?
True
Is 39094153 a multiple of 19?
True
Is 71943070 a multiple of 59?
False
Is 80 a factor of 12372380?
False
Is 110 a factor of 563970?
True
Does 842 divide 91816776?
False
Does 1077 divide 52985515?
False
Is 416 a factor of 2980640?
True
Does 7130 divide 212730282?
False
Does 2052 divide 100667016?
True
Is 16819552 a multiple of 10?
False
Does 17 divide 9215768?
True
Is 584 a factor of 18786112?
True
Does 1947 divide 5757556?
False
Is 354470599 a multiple of 4292?
False
Does 105 divide 10715671?
False
Does 30 divide 31643701?
False
Is 305158066 a multiple of 14?
False
Does 90 divide 2392344450?
True
Does 5936 divide 868470046?
False
Is 129323